538?
3
What is the hundred thousands digit of 627090978?
0
What is the ten thousands digit of 72477989?
7
What is the hundreds digit of 842408242?
2
What is the hundred millions digit of 100240617?
1
What is the hundred thousands digit of 844619379?
6
What is the thousands digit of 271242155?
2
What is the tens digit of 3834771413?
1
What is the hundred millions digit of 260826239?
2
What is the units digit of 114135174?
4
What is the hundred thousands digit of 36062947?
0
What is the millions digit of 6853113?
6
What is the hundred thousands digit of 15226178?
2
What is the hundreds digit of 1141778297?
2
What is the hundred millions digit of 725724167?
7
What is the ten millions digit of 79254341?
7
What is the hundred millions digit of 2418268835?
4
What is the units digit of 62808858?
8
What is the ten millions digit of 125746413?
2
What is the tens digit of 47386309?
0
What is the hundred millions digit of 1879160233?
8
What is the ten millions digit of 45612901?
4
What is the millions digit of 704341577?
4
What is the hundred thousands digit of 70879695?
8
What is the units digit of 357484329?
9
What is the thousands digit of 65688604?
8
What is the thousands digit of 38638977?
8
What is the millions digit of 1345642?
1
What is the hundreds digit of 160686108?
1
What is the units digit of 107590292?
2
What is the ten millions digit of 966519035?
6
What is the units digit of 62490109?
9
What is the hundred thousands digit of 35137825?
1
What is the ten millions digit of 47967262?
4
What is the hundred millions digit of 432971774?
4
What is the hundreds digit of 260607854?
8
What is the hundred millions digit of 526925300?
5
What is the hundreds digit of 1419438013?
0
What is the hundreds digit of 71518250?
2
What is the units digit of 4501380241?
1
What is the hundred millions digit of 438831140?
4
What is the hundred thousands digit of 6571988095?
9
What is the hundreds digit of 258963875?
8
What is the ten millions digit of 38278245?
3
What is the millions digit of 608658554?
8
What is the thousands digit of 2199896062?
6
What is the ten thousands digit of 4179836066?
3
What is the hundreds digit of 920658731?
7
What is the hundred thousands digit of 2194592919?
5
What is the hundreds digit of 354008769?
7
What is the ten millions digit of 40994422?
4
What is the hundreds digit of 183255632?
6
What is the thousands digit of 1941623579?
3
What is the thousands digit of 2131095406?
5
What is the hundreds digit of 84332969?
9
What is the hundred millions digit of 4190546847?
1
What is the hundred thousands digit of 26428344?
4
What is the millions digit of 33902898?
3
What is the ten thousands digit of 988157620?
5
What is the hundreds digit of 699361808?
8
What is the units digit of 1116441834?
4
What is the hundred thousands digit of 1433698519?
6
What is the millions digit of 442092689?
2
What is the hundreds digit of 31134799?
7
What is the ten millions digit of 2491765275?
9
What is the millions digit of 2617378526?
7
What is the thousands digit of 2547396458?
6
What is the hundred millions digit of 7621455518?
6
What is the tens digit of 38245047?
4
What is the units digit of 49862904?
4
What is the hundreds digit of 5670182808?
8
What is the units digit of 1069225592?
2
What is the tens digit of 720570628?
2
What is the billions digit of 4989280633?
4
What is the billions digit of 1413524245?
1
What is the hundreds digit of 669800109?
1
What is the millions digit of 36305812?
6
What is the tens digit of 124467060?
6
What is the thousands digit of 11429154?
9
What is the hundred thousands digit of 63910602?
9
What is the hundred thousands digit of 17224942?
2
What is the ten millions digit of 61845583?
6
What is the hundred thousands digit of 6401954457?
9
What is the units digit of 1544924711?
1
What is the ten thousands digit of 4461630505?
3
What is the hundreds digit of 33054585?
5
What is the ten millions digit of 84215981?
8
What is the tens digit of 9421904?
0
What is the ten thousands digit of 4405054474?
5
What is the thousands digit of 191296870?
6
What is the units digit of 380069702?
2
What is the thousands digit of 17050130?
0
What is the units digit of 330877015?
5
What is the tens digit of 18413139?
3
What is the tens digit of 433387128?
2
What is the thousands digit of 4488749?
8
What is the hundreds digit of 27015998?
9
What is the hundreds digit of 837472142?
1
What is the millions digit of 1114340764?
4
What is the units digit of 119100932?
2
What is the hundreds digit of 4858951?
9
What is the millions digit of 54564722?
4
What is the hundred millions digit of 521993067?
5
What is the millions digit of 63252765?
3
What is the hundred millions digit of 289885154?
2
What is the thousands digit of 4057145612?
5
What is the hundred thousands digit of 29082512?
0
What is the units digit of 5327085682?
2
What is the ten millions digit of 1448132536?
4
What is the ten millions digit of 55806818?
5
What is the units digit of 616406995?
5
What is the thousands digit of 70017904?
7
What is the millions digit of 436367947?
6
What is the tens digit of 5796012067?
6
What is the hundred millions digit of 461831516?
4
What is the millions digit of 5021257661?
1
What is the units digit of 317513922?
2
What is the thousands digit of 492462076?
2
What is the tens digit of 6049893277?
7
What is the tens digit of 1418495783?
8
What is the thousands digit of 940820064?
0
What is the hundreds digit of 1358235248?
2
What is the thousands digit of 246454069?
4
What is the units digit of 160108347?
7
What is the ten millions digit of 515271159?
1
What is the tens digit of 10803202?
0
What is the thousands digit of 68842634?
2
What is the tens digit of 46279247?
4
What is the units digit of 76883177?
7
What is the units digit of 542318153?
3
What is the hundreds digit of 5537385399?
3
What is the units digit of 951513037?
7
What is the millions digit of 102633950?
2
What is the millions digit of 2095203376?
5
What is the hundred millions digit of 255798269?
2
What is the ten thousands digit of 178491672?
9
What is the ten thousands digit of 347512?
4
What is the units digit of 43896980?
0
What is the ten thousands digit of 28436714?
3
What is the tens digit of 537373726?
2
What is the units digit of 415199690?
0
What is the millions digit of 48286815?
8
What is the ten thousands digit of 157976130?
7
What is the units digit of 196767479?
9
What is the hundred thousands digit of 378465193?
4
What is the hundred thousands digit of 97012599?
0
What is the millions digit of 8050971?
8
What is the hundred millions digit of 4521701739?
5
What is the ten millions digit of 36900161?
3
What is the hundreds digit of 1349970578?
5
What is the hundreds digit of 37117355?
3
What is the thousands digit of 962231839?
1
What is the ten millions digit of 117771331?
1
What is the ten millions digit of 2865549323?
6
What is the hundred millions digit of 139072284?
1
What is the hundred millions digit of 145860497?
1
What is the thousands digit of 828395919?
5
What is the thousands digit of 209419543?
9
What is the units digit of 45521005?
5
What is the hundred thousands digit of 12664533?
6
What is the hundred thousands digit of 5846172?
8
What is the hundreds digit of 172441940?
9
What is the tens digit of 215821702?
0
What is the millions digit of 104383318?
4
What is the tens digit of 27578726?
2
What is the ten millions digit of 576223124?
7
What is the ten millions digit of 29079859?
2
What is the ten millions digit of 46554447?
4
What is the billions digit of 2416695543?
2
What is the ten millions digit of 207928652?
0
What is the millions digit of 196605569?
6
What is the hundred thousands digit of 606757843?
7
What is the tens digit of 377232951?
5
What is the tens digit of 396280171?
7
What is the thousands digit of 19990893?
0
What is the units digit of 7903241?
1
What is the tens digit of 19537840?
4
What is the tens digit of 428517809?
0
What is the thousands digit of 743687975?
7
What is the millions digit of 1258265071?
8
What is the hundred millions digit of 197280467?
1
What is the hundreds digit of 121635244?
2
What is the ten thousands digit of 474559209?
5
What is the units digit of 399950905?
5
What is the millions digit of 119775398